 by (2/6)/((-1)/(-18))?
4
Calculate the remainder when 53 is divided by 16/56 + 96/7.
11
Let q(w) = -6*w - 5. Suppose -15*i + 82 + 53 = 0. What is the remainder when q(-5) is divided by i?
7
Suppose 0 = -4*d + 110 - 30. What is the remainder when 59 is divided by d - ((-1 - 1) + 6)?
11
Suppose -9 = -3*l - a + 35, -5*l - 2*a = -73. Let c(t) = -9*t**3 - 2*t**2 - 4*t - 3. Calculate the remainder when l is divided by c(-1).
7
Suppose 4*h - 8 = 2*k + 6*h, 2*k = 5*h + 13. Calculate the remainder when (-1)/(k*(-1)/(-21)) is divided by 8.
5
Let y(x) = -3*x**2 + 3*x - 12. Let c be y(6). Calculate the remainder when 3*(-9)/(81/c) is divided by 7.
6
Let v(r) = -r**3 + r. Let i(s) = -2*s**3 + s**2 + 3*s - 27. Let a(x) = -i(x) + 3*v(x). What is the remainder when 51 is divided by a(0)?
24
Let x be 3/(-9) - (-934)/(-6). What is the remainder when (12/(-18))/(2/x) is divided by 18?
16
Let d = 0 - -29. Let t(v) = -v + 1. Let w be t(8). Calculate the remainder when d is divided by (-2)/7 - 72/w.
9
Let s(b) = 2*b**3 - 5*b**2 + 3*b + 6. Calculate the remainder when 127 is divided by s(4).
61
Suppose 4*x - 94 = 2*b, -51 - 68 = -5*x + 2*b. Calculate the remainder when 47 is divided by x.
22
Suppose -b + 0*b + 10 = 0. Let d(g) = 18*g - 1. Calculate the remainder when d(1) is divided by b.
7
Let a = 85 - -108. Suppose -2*v + 5*n + 103 = 0, 4*v + n + 2*n = a. Calculate the remainder when v is divided by 25.
24
Let p = -16 + 69. What is the remainder when p is divided by 9?
8
Suppose -t - 3*t = -60. Let i(v) = 45*v - 1. Calculate the remainder when i(1) is divided by t.
14
Let s = 243 - 167. What is the remainder when s is divided by 26?
24
Let x = 154 + -108. What is the remainder when x is divided by 25?
21
Let k(w) = 22*w - 2. Calculate the remainder when k(1) is divided by 7.
6
What is the remainder when (56/6)/(3/9) is divided by 42/7 + (2 + 0 - -2)?
8
Let b = 0 + -3. Let d(m) = m**2 + 2*m. Let i be d(b). Suppose -2*s - 2*s = -i*z - 196, 2*z = 4*s - 192. Calculate the remainder when s is divided by 16.
14
Let f = -93 - -14. Let d = 128 + f. What is the remainder when d is divided by 17?
15
Let q = 17 + -9. Let a = 7 + q. Calculate the remainder when 43 is divided by a.
13
Let s = -138 - -240. What is the remainder when s is divided by 15?
12
Suppose 3*r + 6*z - 51 = 3*z, 5*z + 27 = 3*r. Calculate the remainder when 68 is divided by r.
12
Suppose 4*z - 5*a + 35 = 0, 3*a + 0*a = 5*z + 60. Let s = 509 - 471. Calculate the remainder when s is divided by 6/z + 102/5.
18
Let z = 6 - 1. Let t = 3 - -1. Suppose 73 = t*i - n, -5 = -4*n + 5*n. Calculate the remainder when i is divided by z.
2
Suppose 0*z + 2*m + 8 = 4*z, 3*z - 4*m - 1 = 0. Suppose -4*k - w = -44, -z*w = -4*k + 2*k + 22. Calculate the remainder when k is divided by 6.
5
Let y(o) = o + 12. Calculate the remainder when y(12) is divided by 13.
11
Suppose 3*s - 8 = -a, 2*s + 16 = a + 3*s. Let k(z) = 43 + 59*z**2 - 43. What is the remainder when k(1) is divided by a?
19
Let i(j) = -j**3 + 8*j**2 - 2*j + 3. Let v(w) = w**2 - 10 + 2 + 3*w + w. Calculate the remainder when i(7) is divided by v(-7).
12
Suppose 5*z + 5*m = 40, 1 = 2*m - 3. Let s = z - 2. Suppose 0 = -o - s*o + 105. Calculate the remainder when o is divided by 11.
10
Suppose -5*b + 5 = -10. Suppose 51 = 4*d + 3*g - 152, -b*d = -5*g - 116. Calculate the remainder when d is divided by 16.
15
Suppose 0 = 2*a - 18. Suppose 5*p - 109 = -a. What is the remainder when p is divided by 11?
9
Let i(v) = 3*v - 5. Calculate the remainder when i(7) is divided by 6.
4
Suppose -106 - 84 = -5*u. Suppose 4*s + 2 = -u. Let r = s - -14. What is the remainder when 9 is divided by r?
1
What is the remainder when 133 is divided by 1/(-6)*2 - 695/(-15)?
41
Suppose 5*q = 2*q + 12. Suppose -4*h + 2*b - 5*b + 32 = 0, -5*b = -q*h + 64. Calculate the remainder when 30 is divided by h.
8
Suppose -w = -6*w + 35. Calculate the remainder when 33 is divided by w.
5
Let x = 59 - 34. What is the remainder when x is divided by 13?
12
Let o(j) = j**2 - 4*j - 5. Let h = 0 - 0. Let q(y) = y + 13. Calculate the remainder when q(h) is divided by o(6).
6
Let t(k) = k**3 + 7*k**2 + 7*k + 5. Let r be t(-6). Let d = 4 + r. Let i(o) = o**3 + 15*o**2 + 13*o - 10. Calculate the remainder when i(-14) is divided by d.
1
Suppose -5*l - 5*b = -10, b = -b - 8. Calculate the remainder when (-4)/(-6) + 129/9 is divided by l.
3
Calculate the remainder when 10 is divided by (-15)/(-10) + 3/2.
1
Let z = -2 - -4. What is the remainder when ((-14)/(-5) - z)*25 is divided by (-102)/(-9) + (-2)/6?
9
Let l = -13 + 19. Let p = l + -3. Suppose 8 = p*k - 10. What is the remainder when 17 is divided by k?
5
Let d be ((-33)/4)/((-4)/16). Let r = -16 + d. What is the remainder when 48 is divided by r?
14
Suppose 102 = 13*p - 10*p. What is the remainder when p is divided by 13?
8
Suppose -3*w - 4*o + 52 = 0, w - 13 = -3*o + 6. Calculate the remainder when 65 is divided by w/(-40) - 112/(-5).
21
Let r = 25 - 12. What is the remainder when 51 is divided by r?
12
Let n(o) = -8*o**3 - 3*o**2 - 4*o - 2. Let m be 97/3 + (-4)/12. Let v = m + -12. What is the remainder when n(-2) is divided by v?
18
Let t(q) = 2*q**2 + 4*q - 3. What is the remainder when 64 is divided by t(2)?
12
Suppose 5*i - 880 = 420. Suppose 4*y = -y + i. Calculate the remainder when y is divided by 27.
25
Let p(h) = 12*h**2 + 2*h + 2. Calculate the remainder when p(-2) is divided by 24.
22
Let u = 14 + -28. What is the remainder when 29 is divided by u/(-4)*(-24)/(-14)?
5
Suppose 0 = w - 4*w + 9. Calculate the remainder when 13 is divided by (21/2)/w*2.
6
Suppose 8*b - 16*b = -128. What is the remainder when 76 is divided by b?
12
Let y = 81 - 46. What is the remainder when y is divided by 12?
11
Calculate the remainder when -2 + (14/(-8))/((-3)/144) is divided by 21.
19
Calculate the remainder when -4 + 30/3 + 1 is divided by 2.
1
Suppose 8 - 28 = -2*f. Calculate the remainder when 27 is divided by f.
7
Suppose 0 = l + l - 174. Let g = -62 + l. Calculate the remainder when g is divided by 12 + 0 + 1 + 0.
12
Calculate the remainder when 32 is divided by 2/3 - 31/(-3).
10
Let d(y) = -7*y**2 - y + 6. Let h be d(-5). Calculate the remainder when 8 is divided by 4/(-26) + h/(-52).
2
Suppose -22 = -107*v + 105*v. Calculate the remainder when v is divided by 5.
1
What is the remainder when 99 is divided by ((-5)/25)/(4/(-260))?
8
Calculate the remainder when 3 + 48 + -3 + (-1 - 2) is divided by 12.
9
Suppose -3*l + 41 - 8 = 0. Suppose 5*d + l = -y, -2*d + 7*d + 15 = 0. Calculate the remainder when 7 is divided by (2*(-6)/y)/(-1).
1
Suppose -v + 4*v - 15 = -4*k, 4*v - 20 = -k. Suppose -3*r = -k*r + 15, 2*j = r + 51. Calculate the remainder when j is divided by 6.
5
Let f be 4 - (-1 + 2) - -3. Suppose o + 50 = f*o. Calculate the remainder when 29 is divided by o.
9
Let v = -44 + 55. Calculate the remainder when 108 is divided by v.
9
Let n(c) = -2*c**3 - 5*c**2 - 2*c. Let m(p) = p**2 - 11*p - 3. Let l be m(11). Calculate the remainder when n(l) is divided by 9.
6
Let i(a) = 2*a - 2. Calculate the remainder when 9 is divided by i(4).
3
Suppose 0 = -z + d, -5*z + 2*d = -8*z - 5. Let y = 11 + z. What is the remainder when 39 is divided by y?
9
Suppose 42 = 16*p - 9*p. Calculate the remainder when 34 is divided by p.
4
Let r = -3 - -3. Suppose r = -3*b, -23 = -5*x - 3*b - 3. Suppose 3 = -p + x, 4*h - 3*p = 109. What is the remainder when h is divided by 15?
13
Suppose -12 = -2*m - 2*j, m + 1 = 2*j - 8. Suppose m + 24 = q. What is the remainder when -1 + (-2)/((-2)/49) is divided by q?
23
Let m(o) = -3*o - 7. Calculate the remainder when 48 is divided by m(-8).
14
Let n = 40 - 29. Let c(j) = -j**3 - j**2 + 2*j + 2. Calculate the remainder when c(-4) is divided by n.
9
Suppose 5*b - 241 = 289. Suppose -b = -5*c - 2*z, c - z = -0*c + 24. Calculate the remainder when c is divided by 8.
6
Suppose 146 = -3*n - p, -3*p - 29 = 5*n + 213. Calculate the remainder when 39 is divided by (n/2)/(-7)*4.
11
Suppose -45 = -p - 2*c, -72 = -3*p - 4*c + 61. Let y(r) = 27*r**3 - 5*r**3 - r**2 + 1 + 0*r**2. What is the remainder when p is divided by y(1)?
21
Let s be 159/12 + (-3)/12. Let q = s - -4. Let k = 12 - 6. What is the remainder when q is divided by k?
5
Let g(v) = 2*v**2 - 6